{"id":750,"date":"2021-11-12T09:12:48","date_gmt":"2021-11-12T08:12:48","guid":{"rendered":"http:\/\/www.klubvss.eu\/?page_id=750"},"modified":"2021-11-14T11:17:08","modified_gmt":"2021-11-14T10:17:08","slug":"navsteva-u-ceskych-chovatelov","status":"publish","type":"page","link":"http:\/\/www.klubvss.eu\/?page_id=750","title":{"rendered":"N\u00e1v\u0161teva u \u010desk\u00fdch chovate\u013eov"},"content":{"rendered":"\n<p>Jedn\u00e9ho dna mi volali kolegovia, \u017ee \u010di by sme nenav\u0161t\u00edvili na\u0161ich zn\u00e1mych kamar\u00e1tov v \u010deskej republike. S\u00fahlasil som a po dohode s chovate\u013emi na \u010deskej strane sme napl\u00e1novali term\u00edn n\u00e1v\u0161tevy na 8.10.2021. <\/p>\n\n\n\n<p>V de\u0148 &#8220; D &#8220; sme vyrazili s p\u00e1nmi Stanko Peter, Stapinsk\u00fd Peter do \u010ciech. Po\u010dasie n\u00e1m prialo a cesta ubehla r\u00fdchlo. Po\u010das cesty sme prebrali, \u010do by bolo dobre v klube vylep\u0161i\u0165.<\/p>\n\n\n\n<p>Prv\u00e1 cie\u013eov\u00e1 stanica bola u p\u00e1na Mirka Martinku. Po pr\u00edchode n\u00e1s priv\u00edtal a ako inak, hne\u010f sme pre\u0161li ku kr\u00e1likom, na ktor\u00fdch sme sa aj v\u0161etci ve\u013emi te\u0161ili. Po\u010das prehliadky sme videli pekn\u00e9 zvieratka, z ktor\u00fdch sme si ka\u017ed\u00fd nie\u010do priviezli domov. Po prehliadke n\u00e1m Mirkova man\u017eelka prichystala ve\u013emi chutn\u00fd obed. Spolu sme posedeli a po obede vyrazili na druhu n\u00e1v\u0161tevu k p\u00e1novi \u0160\u0165ov\u00edkovi Jirkovi.<\/p>\n\n\n\n<p>Po priv\u00edtan\u00ed sme sa presunuli kam inam ako ku kr\u00e1likom, odkia\u013e sme si znova nie\u010do priniesli domov. Jirkov\u00e1 dc\u00e9ra si neodpustila a nachystala n\u00e1m ve\u013ek\u00fa misu chutn\u00fdch rez\u0148ov. Tak\u017ee znova chutn\u00e9 jedlo. Po dobrom jedle a rozl\u00fa\u010den\u00ed, sme nabrali smer na posledn\u00fa n\u00e1v\u0161tevu k p\u00e1novi Mirkovi Caha a Nov\u00e1kovi.<\/p>\n\n\n\n<p>S\u00fa ako jedna rodina, tak \u017ee sme boli spolu. P\u00e1ni n\u00e1m nachystali pekn\u00fa prehliadku svojich kr\u00e1likov a op\u00e4\u0165 sme si nie\u010do odniesli domov. Do tretice Mirek nachystal chutn\u00fa ve\u010deru brav\u010dov\u00e9 na \u0161ampi\u00f3noch. Za\u010d\u00ednalo sa pomaly stmieva\u0165, tak po pr\u00edjemnej debate a dobrej ve\u010deri, pri ktorej n\u00e1s do\u0161iel pozrie\u0165 aj p. Linhard Franti\u0161ek, sme sa rozl\u00fa\u010dili a vyrazili domov. <\/p>\n\n\n\n<p>Cesta na slovensko bola op\u00e4\u0165 super. Rozoberali a debatovali sme o celodennom v\u00fdlete a ani sme si neuvedomili, \u017ee u\u017e je polnoc, ke\u010f sme dorazili domov. Kr\u00e1liky dorazili v poriadku, tak \u017ee sme sa te\u0161ili z pekn\u00e9ho str\u00e1ven\u00e9ho d\u0148a s dobr\u00fdmi priate\u013emi.<\/p>\n\n\n\n<p>Touto cestou by som e\u0161te raz chcel po\u010fakoval priate\u013eom z \u010ceska a aj ich rodin\u00e1m za skvele pohostenie a \u010dak\u00e1me odplatu. \u010co k tomu doda\u0165 ? Ako malo sta\u010dilo v tomto kovidovom \u010dase, aby sme sa znovu mohli stretn\u00fa\u0165, porozpr\u00e1va\u0165 sa a podeli\u0165 sa spolo\u010dne o svoje sk\u00fasenosti.<\/p>\n\n\n\n<p>preds. klubu Vss Jozef Re\u017eo\u0148a.<\/p>\n\n\n\n<p><\/p>\n\n\n\n<p><\/p>\n\n\n\n<p><\/p>\n\n\n\n<p><\/p>\n\n\n\n<p>N\u00e1v\u0161teva u p. Martinka<\/p>\n\n\n\nngg_shortcode_0_placeholder\n\n\n\n<p>N\u00e1v\u0161teva u p. \u0160\u0165ov\u00edka<\/p>\n\n\n\nngg_shortcode_1_placeholder\n\n\n\n<p>N\u00e1v\u0161teva u p\u00e1nov Caha a Nov\u00e1k<\/p>\n\n\n\nngg_shortcode_2_placeholder\n","protected":false},"excerpt":{"rendered":"<p>Jedn\u00e9ho dna mi volali kolegovia, \u017ee \u010di by sme nenav\u0161t\u00edvili na\u0161ich zn\u00e1mych kamar\u00e1tov v \u010deskej republike. S\u00fahlasil som a po&hellip;<\/p>\n","protected":false},"author":1,"featured_media":0,"parent":0,"menu_order":0,"comment_status":"closed","ping_status":"closed","template":"","meta":{"ngg_post_thumbnail":0,"footnotes":""},"class_list":["post-750","page","type-page","status-publish","hentry"],"_links":{"self":[{"href":"http:\/\/www.klubvss.eu\/index.php?rest_route=\/wp\/v2\/pages\/750","targetHints":{"allow":["GET"]}}],"collection":[{"href":"http:\/\/www.klubvss.eu\/index.php?rest_route=\/wp\/v2\/pages"}],"about":[{"href":"http:\/\/www.klubvss.eu\/index.php?rest_route=\/wp\/v2\/types\/page"}],"author":[{"embeddable":true,"href":"http:\/\/www.klubvss.eu\/index.php?rest_route=\/wp\/v2\/users\/1"}],"replies":[{"embeddable":true,"href":"http:\/\/www.klubvss.eu\/index.php?rest_route=%2Fwp%2Fv2%2Fcomments&post=750"}],"version-history":[{"count":14,"href":"http:\/\/www.klubvss.eu\/index.php?rest_route=\/wp\/v2\/pages\/750\/revisions"}],"predecessor-version":[{"id":813,"href":"http:\/\/www.klubvss.eu\/index.php?rest_route=\/wp\/v2\/pages\/750\/revisions\/813"}],"wp:attachment":[{"href":"http:\/\/www.klubvss.eu\/index.php?rest_route=%2Fwp%2Fv2%2Fmedia&parent=750"}],"curies":[{"name":"wp","href":"https:\/\/api.w.org\/{rel}","templated":true}]}}