{"id":282,"date":"2020-02-17T15:29:03","date_gmt":"2020-02-17T14:29:03","guid":{"rendered":"http:\/\/www.klubvss.eu\/?page_id=282"},"modified":"2025-12-30T09:59:28","modified_gmt":"2025-12-30T08:59:28","slug":"video","status":"publish","type":"page","link":"http:\/\/www.klubvss.eu\/?page_id=282","title":{"rendered":"Video"},"content":{"rendered":"\n<h5 class=\"wp-block-heading\"><strong>49. \u0160peci\u00e1lna v\u00fdstava klubu kr\u00e1likov Vss &#8211; \u017dilina-Str\u00e1\u017eov 2024<\/strong><\/h5>\n\n\n\n<figure class=\"wp-block-embed is-type-video is-provider-youtube wp-block-embed-youtube wp-embed-aspect-16-9 wp-has-aspect-ratio\"><div class=\"wp-block-embed__wrapper\">\n<iframe loading=\"lazy\" title=\"49.  \u0160peci\u00e1lna v\u00fdstava klubu kr\u00e1likov Vss\" width=\"688\" height=\"387\" src=\"https:\/\/www.youtube.com\/embed\/ixj-oiP7KhQ?feature=oembed\" frameborder=\"0\" allow=\"accelerometer; autoplay; clipboard-write; encrypted-media; gyroscope; picture-in-picture; web-share\" referrerpolicy=\"strict-origin-when-cross-origin\" allowfullscreen><\/iframe>\n<\/div><\/figure>\n\n\n\n<h5 class=\"wp-block-heading\"><strong>48. \u0160peci\u00e1lna v\u00fdstava klubu kr\u00e1likov Vss &#8211; \u017dilina-Str\u00e1\u017eov  2023<\/strong><\/h5>\n\n\n\n<figure class=\"wp-block-embed is-type-video is-provider-youtube wp-block-embed-youtube wp-embed-aspect-16-9 wp-has-aspect-ratio\"><div class=\"wp-block-embed__wrapper\">\n<iframe loading=\"lazy\" title=\"48. \u0160peci\u00e1lna v\u00fdstava klubu kr\u00e1likov VSS 2023\" width=\"688\" height=\"387\" src=\"https:\/\/www.youtube.com\/embed\/BcgNOBhJvTQ?feature=oembed\" frameborder=\"0\" allow=\"accelerometer; autoplay; clipboard-write; encrypted-media; gyroscope; picture-in-picture; web-share\" referrerpolicy=\"strict-origin-when-cross-origin\" allowfullscreen><\/iframe>\n<\/div><\/figure>\n\n\n\n<h5 class=\"wp-block-heading\">47. \u0160peci\u00e1lna v\u00fdstava klubu kr\u00e1likov Vss &#8211; \u017dilina-Str\u00e1\u017eov 2022<\/h5>\n\n\n\n<figure class=\"wp-block-embed is-type-video is-provider-youtube wp-block-embed-youtube wp-embed-aspect-16-9 wp-has-aspect-ratio\"><div class=\"wp-block-embed__wrapper\">\n<iframe loading=\"lazy\" title=\"47. \u0161peci\u00e1lna v\u00fdstava klubu kr\u00e1likov 2022\" width=\"688\" height=\"387\" src=\"https:\/\/www.youtube.com\/embed\/4S5eIduOmO4?feature=oembed\" frameborder=\"0\" allow=\"accelerometer; autoplay; clipboard-write; encrypted-media; gyroscope; picture-in-picture; web-share\" referrerpolicy=\"strict-origin-when-cross-origin\" allowfullscreen><\/iframe>\n<\/div><\/figure>\n\n\n\n<h5 class=\"wp-block-heading\">46. \u0160peci\u00e1lna v\u00fdstava klubu kr\u00e1likov Vss &#8211; \u017dilina-Str\u00e1\u017eov 2021<\/h5>\n\n\n\n<figure class=\"wp-block-embed is-type-video is-provider-youtube wp-block-embed-youtube wp-embed-aspect-16-9 wp-has-aspect-ratio\"><div class=\"wp-block-embed__wrapper\">\n<iframe loading=\"lazy\" title=\"46. \u0161peci\u00e1lna v\u00fdstava klubu kr\u00e1likov 2021\" width=\"688\" height=\"387\" src=\"https:\/\/www.youtube.com\/embed\/toXQ_6SyBkc?feature=oembed\" frameborder=\"0\" allow=\"accelerometer; autoplay; clipboard-write; encrypted-media; gyroscope; picture-in-picture; web-share\" referrerpolicy=\"strict-origin-when-cross-origin\" allowfullscreen><\/iframe>\n<\/div><\/figure>\n\n\n\n<h5 class=\"wp-block-heading\"> 44. \u0160peci\u00e1lna v\u00fdstava klubu kr\u00e1likov Vss \u2013 \u017dilina-Str\u00e1\u017eov 8. \u2013 9. 11. 2019 <\/h5>\n\n\n\n<figure class=\"wp-block-embed is-type-video is-provider-youtube wp-block-embed-youtube wp-embed-aspect-16-9 wp-has-aspect-ratio\"><div class=\"wp-block-embed__wrapper\">\n<iframe loading=\"lazy\" title=\"44. \u0161peci\u00e1lna v\u00fdstava klubu kr\u00e1likov VSS 2019\" width=\"688\" height=\"387\" src=\"https:\/\/www.youtube.com\/embed\/Xrj3Q8vIXd4?feature=oembed\" frameborder=\"0\" allow=\"accelerometer; autoplay; clipboard-write; encrypted-media; gyroscope; picture-in-picture; web-share\" referrerpolicy=\"strict-origin-when-cross-origin\" allowfullscreen><\/iframe>\n<\/div><\/figure>\n\n\n\n<p><\/p>\n\n\n\n<p><\/p>\n\n\n\n<h5 class=\"wp-block-heading\"> 43. \u0160peci\u00e1lna v\u00fdstava klubu kr\u00e1likov Vss \u2013 \u017dilina-Str\u00e1\u017eov<\/h5>\n\n\n\n<figure class=\"wp-block-embed is-type-video is-provider-youtube wp-block-embed-youtube wp-embed-aspect-16-9 wp-has-aspect-ratio\"><div class=\"wp-block-embed__wrapper\">\n<iframe loading=\"lazy\" title=\"43  \u0161peci\u00e1lna v\u00fdstava klubu kr\u00e1likov VSS 2018\" width=\"688\" height=\"387\" src=\"https:\/\/www.youtube.com\/embed\/3OJcFU2ETN4?start=348&#038;feature=oembed\" frameborder=\"0\" allow=\"accelerometer; autoplay; clipboard-write; encrypted-media; gyroscope; picture-in-picture; web-share\" referrerpolicy=\"strict-origin-when-cross-origin\" allowfullscreen><\/iframe>\n<\/div><\/figure>\n\n\n\n<p><\/p>\n\n\n\n<p><\/p>\n\n\n\n<h5 class=\"wp-block-heading\"> 42. \u0160peci\u00e1lna v\u00fdstava klubu kr\u00e1likov Vss \u2013 \u017dilina-Str\u00e1\u017eov<\/h5>\n\n\n\n<figure class=\"wp-block-embed is-type-video is-provider-youtube wp-block-embed-youtube wp-embed-aspect-16-9 wp-has-aspect-ratio\"><div class=\"wp-block-embed__wrapper\">\n<iframe loading=\"lazy\" title=\"42. \u0161peci\u00e1lna v\u00fdstava klubu kr\u00e1likov VSS 2017\" width=\"688\" height=\"387\" src=\"https:\/\/www.youtube.com\/embed\/fDDTmHEA2i4?feature=oembed\" frameborder=\"0\" allow=\"accelerometer; autoplay; clipboard-write; encrypted-media; gyroscope; picture-in-picture; web-share\" referrerpolicy=\"strict-origin-when-cross-origin\" allowfullscreen><\/iframe>\n<\/div><\/figure>\n","protected":false},"excerpt":{"rendered":"<p>49. \u0160peci\u00e1lna v\u00fdstava klubu kr\u00e1likov Vss &#8211; \u017dilina-Str\u00e1\u017eov 2024 48. \u0160peci\u00e1lna v\u00fdstava klubu kr\u00e1likov Vss &#8211; \u017dilina-Str\u00e1\u017eov 2023 47. \u0160peci\u00e1lna&hellip;<\/p>\n","protected":false},"author":1,"featured_media":0,"parent":0,"menu_order":0,"comment_status":"closed","ping_status":"closed","template":"","meta":{"ngg_post_thumbnail":0,"footnotes":""},"class_list":["post-282","page","type-page","status-publish","hentry"],"_links":{"self":[{"href":"http:\/\/www.klubvss.eu\/index.php?rest_route=\/wp\/v2\/pages\/282","targetHints":{"allow":["GET"]}}],"collection":[{"href":"http:\/\/www.klubvss.eu\/index.php?rest_route=\/wp\/v2\/pages"}],"about":[{"href":"http:\/\/www.klubvss.eu\/index.php?rest_route=\/wp\/v2\/types\/page"}],"author":[{"embeddable":true,"href":"http:\/\/www.klubvss.eu\/index.php?rest_route=\/wp\/v2\/users\/1"}],"replies":[{"embeddable":true,"href":"http:\/\/www.klubvss.eu\/index.php?rest_route=%2Fwp%2Fv2%2Fcomments&post=282"}],"version-history":[{"count":11,"href":"http:\/\/www.klubvss.eu\/index.php?rest_route=\/wp\/v2\/pages\/282\/revisions"}],"predecessor-version":[{"id":1073,"href":"http:\/\/www.klubvss.eu\/index.php?rest_route=\/wp\/v2\/pages\/282\/revisions\/1073"}],"wp:attachment":[{"href":"http:\/\/www.klubvss.eu\/index.php?rest_route=%2Fwp%2Fv2%2Fmedia&parent=282"}],"curies":[{"name":"wp","href":"https:\/\/api.w.org\/{rel}","templated":true}]}}