{"id":153,"date":"2020-01-13T23:12:37","date_gmt":"2020-01-13T22:12:37","guid":{"rendered":"http:\/\/www.klubvss.eu\/?page_id=153"},"modified":"2021-01-26T14:55:03","modified_gmt":"2021-01-26T13:55:03","slug":"vybor-klubu","status":"publish","type":"page","link":"http:\/\/www.klubvss.eu\/?page_id=153","title":{"rendered":"V\u00fdbor a \u010dlenovia klubu"},"content":{"rendered":"\n<h5 class=\"has-text-align-center wp-block-heading\"> V\u00fdbor klubu chovate\u013eov kr\u00e1likov Vss <\/h5>\n\n\n\n<p class=\"has-text-align-center\"> <br>Predseda:                 Re\u017eo\u0148a Jozef<br>Tajomn\u00edk:                Mojch\u00e9r Juraj (zatupenie)<br>Registr\u00e1tor:              Stoklasa Jaroslav<br>Pokladn\u00edk:               M\u00fa\u010dka Miroslav<br>Poradca chovu:        Stanko Peter<br> Rev\u00edzna komisia1:    Ryb\u00e1r Franti\u0161ek <br>Rev\u00edzna komisia2:    Labuda J\u00e1n <\/p>\n\n\n\n<p><\/p>\n\n\n\n<h5 class=\"has-text-align-center wp-block-heading\">\u010clenovia klubu chovate\u013eov kr\u00e1likov Vss<\/h5>\n\n\n\n<div class=\"wp-block-file aligncenter\"><a href=\"http:\/\/www.klubvss.eu\/wp-content\/uploads\/2020\/01\/zoznam__clenov_klubu_vss_na_2016.pdf\">Zoznam \u010dlenov klubu vss na 2016<\/a><\/div>\n\n\n\n<p><\/p>\n","protected":false},"excerpt":{"rendered":"<p>V\u00fdbor klubu chovate\u013eov kr\u00e1likov Vss Predseda: Re\u017eo\u0148a JozefTajomn\u00edk: Mojch\u00e9r Juraj (zatupenie)Registr\u00e1tor: Stoklasa JaroslavPokladn\u00edk: M\u00fa\u010dka MiroslavPoradca chovu: Stanko Peter Rev\u00edzna komisia1:&hellip;<\/p>\n","protected":false},"author":1,"featured_media":0,"parent":0,"menu_order":0,"comment_status":"closed","ping_status":"closed","template":"","meta":{"ngg_post_thumbnail":0,"footnotes":""},"class_list":["post-153","page","type-page","status-publish","hentry"],"_links":{"self":[{"href":"http:\/\/www.klubvss.eu\/index.php?rest_route=\/wp\/v2\/pages\/153","targetHints":{"allow":["GET"]}}],"collection":[{"href":"http:\/\/www.klubvss.eu\/index.php?rest_route=\/wp\/v2\/pages"}],"about":[{"href":"http:\/\/www.klubvss.eu\/index.php?rest_route=\/wp\/v2\/types\/page"}],"author":[{"embeddable":true,"href":"http:\/\/www.klubvss.eu\/index.php?rest_route=\/wp\/v2\/users\/1"}],"replies":[{"embeddable":true,"href":"http:\/\/www.klubvss.eu\/index.php?rest_route=%2Fwp%2Fv2%2Fcomments&post=153"}],"version-history":[{"count":10,"href":"http:\/\/www.klubvss.eu\/index.php?rest_route=\/wp\/v2\/pages\/153\/revisions"}],"predecessor-version":[{"id":671,"href":"http:\/\/www.klubvss.eu\/index.php?rest_route=\/wp\/v2\/pages\/153\/revisions\/671"}],"wp:attachment":[{"href":"http:\/\/www.klubvss.eu\/index.php?rest_route=%2Fwp%2Fv2%2Fmedia&parent=153"}],"curies":[{"name":"wp","href":"https:\/\/api.w.org\/{rel}","templated":true}]}}