{"id":133,"date":"2020-01-13T22:22:45","date_gmt":"2020-01-13T21:22:45","guid":{"rendered":"http:\/\/www.klubvss.eu\/?page_id=133"},"modified":"2020-01-13T22:26:17","modified_gmt":"2020-01-13T21:26:17","slug":"typizacia","status":"publish","type":"page","link":"http:\/\/www.klubvss.eu\/?page_id=133","title":{"rendered":"Typiz\u00e1cia"},"content":{"rendered":"\n<h5 class=\"wp-block-heading\">Typiza\u010dn\u00e9 k\u00f3dy pri typiz\u00e1cii kr\u00e1likov Ve\u013ek\u00fdch svetl\u00fdch strieborn\u00fdch<\/h5>\n\n\n\n<figure class=\"wp-block-table\"><table class=\"\"><tbody><tr><td>\n\t\t\t\t\tChrbtov\u00e1 l\u00ednia\n\t\t\t<\/td><td class=\"has-text-align-left\" data-align=\"left\"> C &#8211; ide\u00e1lna bez vyst\u00fapen\u00fdch panvov\u00fdch kost\u00ed, pekne zaokr\u00fahleny zadok  <\/td><\/tr><tr><td>\n\t\t\t\t\n\t\t\t\t\t&nbsp;\n\t\t\t<\/td><td class=\"has-text-align-left\" data-align=\"left\">\n\t\t\t\t\n\t\t\t\t\t&#8211; priemerna bez nazna\u010den\u00fdch panvov\u00fdch kost\u00ed\n\t\t\t<\/td><\/tr><tr><td>\n\t\t\t\t\n\t\t\t\t\t&nbsp;\n\t\t\t<\/td><td class=\"has-text-align-left\" data-align=\"left\">\n\t\t\t\t\n\t\t\t\t\tc &#8211; vyst\u00fapen\u00e9 panvov\u00e9 kosti\n\t\t\t<\/td><\/tr><tr><td>\n\t\t\t\t\n\t\t\t\t\t&nbsp;\n\t\t\t<\/td><td class=\"has-text-align-left\" data-align=\"left\">\n\t\t\t\t\n\t\t\t\t\tg &#8211; n\u00e1beh na zrazen\u00fd alebo kolm\u00fd zadok\n\t\t\t<\/td><\/tr><tr><td>\n\t\t\t\t\n\t\t\t\t\t&nbsp;\n\t\t\t<\/td><td class=\"has-text-align-left\" data-align=\"left\"> V\u00fdrazne vyst\u00fapen\u00e9 panvov\u00e9 kosti, vyslovene kolm\u00fd alebo zrazen\u00fd zadok  netypizova\u0165.  <\/td><\/tr><tr><td>\n\t\t\t\t\n\t\t\t\t\tPostoj a hr\u00fabka kon\u010dat\u00edn\n\t\t\t<\/td><td class=\"has-text-align-left\" data-align=\"left\"> N &#8211; pevn\u00e9 a siln\u00e9 kon\u010datiny, ma\u010dac\u00ed n\u00e1\u0161\u013eap hrudn\u00fdch kon\u010dat\u00edn a spr\u00e1vny  postoj bez vybo\u010denia zadn\u00fdch kon\u010dat\u00edn  <\/td><\/tr><tr><td>\n\t\t\t\t\n\t\t\t\t\t&nbsp;\n\t\t\t<\/td><td class=\"has-text-align-left\" data-align=\"left\">\n\t\t\t\t\n\t\t\t\t\t&nbsp;&#8211; menej vzpriamen\u00fd postoj a ten\u0161ie kon\u010datiny\n\t\t\t<\/td><\/tr><tr><td>\n\t\t\t\t\n\t\t\t\t\t&nbsp;\n\t\t\t<\/td><td class=\"has-text-align-left\" data-align=\"left\">\n\t\t\t\t\n\t\t\t\t\tn &#8211; ten\u0161ie hrudn\u00e9 kon\u010datiny\n\t\t\t<\/td><\/tr><tr><td>\n\t\t\t\t\n\t\t\t\t\t&nbsp;\n\t\t\t<\/td><td class=\"has-text-align-left\" data-align=\"left\">\n\t\t\t\t\n\t\t\t\t\t1 &#8211; mierny pre\u0161\u013eap hrudn\u00fdch kon\u010dat\u00edn\n\t\t\t<\/td><\/tr><tr><td>\n\t\t\t\t\n\t\t\t\t\t&nbsp;\n\t\t\t<\/td><td class=\"has-text-align-left\" data-align=\"left\">\n\t\t\t\t\n\t\t\t\t\t2 &#8211; kierne v\u00fdbo\u010den\u00fd postoj zadn\u00fdch kon\u010dat\u00edn\n\t\t\t<\/td><\/tr><tr><td>\n\t\t\t\t\n\t\t\t\t\t&nbsp;\n\t\t\t<\/td><td class=\"has-text-align-left\" data-align=\"left\"> Vyslovene tenk\u00e9 kon\u010datiny, pre\u0161\u013eap hrudn\u00fdch kon\u010dat\u00edn a vybo\u010den\u00fd  postoj zadn\u00fdch kon\u010dat\u00edn netypizova\u0165.  <\/td><\/tr><tr><td>\n\t\t\t\t\n\t\t\t\t\tPoloha chvosta\n\t\t\t<\/td><td class=\"has-text-align-left\" data-align=\"left\">\n\t\t\t\t\n\t\t\t\t\tD &#8211; pevn\u00fd vzt\u00fd\u010den\u00fd, pru\u017en\u00fd a pri\u013eahl\u00fd k telu\n\t\t\t<\/td><\/tr><tr><td>\n\t\t\t\t\n\t\t\t\t\t&nbsp;\n\t\t\t<\/td><td class=\"has-text-align-left\" data-align=\"left\">\n\t\t\t\t\n\t\t\t\t\t&#8211; &nbsp;priemern\u00fd menej pri\u013eahl\u00fdk telu\n\t\t\t<\/td><\/tr><tr><td>\n\t\t\t\t\n\t\t\t\t\t&nbsp;\n\t\t\t<\/td><td class=\"has-text-align-left\" data-align=\"left\">\n\t\t\t\t\n\t\t\t\t\td &#8211; mierne dr\u00f4ten\u00fd\n\t\t\t<\/td><\/tr><tr><td>\n\t\t\t\t\n\t\t\t\t\t&nbsp;\n\t\t\t<\/td><td class=\"has-text-align-left\" data-align=\"left\">\n\t\t\t\t\n\t\t\t\t\t3 &#8211; mierne hrav\u00fd alebo vlekl\u00fd\n\t\t\t<\/td><\/tr><tr><td>\n\t\t\t\t\n\t\t\t\t\t&nbsp;\n\t\t\t<\/td><td class=\"has-text-align-left\" data-align=\"left\">\n\t\t\t\t\n\t\t\t\t\tVyslovene hrav\u00fd, \u0161ikm\u00fd alebo vlekl\u00fd chvost netypizova\u0165.\n\t\t\t<\/td><\/tr><tr><td>\n\t\t\t\t\n\t\t\t\t\tUpnutie ko\u017ee\n\t\t\t<\/td><td class=\"has-text-align-left\" data-align=\"left\">\n\t\t\t\t\n\t\t\t\t\tK &#8211; upnut\u00e1 po celom tele\n\t\t\t<\/td><\/tr><tr><td>\n\t\t\t\t\n\t\t\t\t\t&nbsp;\n\t\t\t<\/td><td class=\"has-text-align-left\" data-align=\"left\">\n\t\t\t\t\n\t\t\t\t\t&#8211; &nbsp;priemern\u00e1, mierne volnej\u0161ia na prsiach u 0.1\n\t\t\t<\/td><\/tr><tr><td>\n\t\t\t\t\n\t\t\t\t\t&nbsp;\n\t\t\t<\/td><td class=\"has-text-align-left\" data-align=\"left\">\n\t\t\t\t\n\t\t\t\t\tk &#8211; vo\u013en\u00e1 u 0.1, volnej\u0161ia u 1.0\n\t\t\t<\/td><\/tr><tr><td>\n\t\t\t\t\n\t\t\t\t\t&nbsp;\n\t\t\t<\/td><td class=\"has-text-align-left\" data-align=\"left\">\n\t\t\t\t\n\t\t\t\t\ty &#8211; n\u00e1beh na lal\u00f4\u010dky u 0.1, orie\u0161ok u 1.0\n\t\t\t<\/td><\/tr><tr><td>\n\t\t\t\t\n\t\t\t\t\t&nbsp;\n\t\t\t<\/td><td class=\"has-text-align-left\" data-align=\"left\">\n\t\t\t\t\n\t\t\t\t\tx &#8211; lal\u00f4\u010dky u 0.1\n\t\t\t<\/td><\/tr><tr><td>\n\t\t\t\t\n\t\t\t\t\t&nbsp;\n\t\t\t<\/td><td class=\"has-text-align-left\" data-align=\"left\">\n\t\t\t\t\n\t\t\t\t\tLalok, vo\u013en\u00e1 ko\u017ea na prsiach \/ nohavice \/ u 0.1, lal\u00f4\u010dik u 1.0 netypizova\u0165.\n\t\t\t<\/td><\/tr><tr><td>\n\t\t\t\t\n\t\t\t\t\tTelo\n\t\t\t<\/td><td class=\"has-text-align-left\" data-align=\"left\">\n\t\t\t\t\n\t\t\t\t\tT &#8211; rovnomernr, zavalit\u00e9 dobre osvalene\n\t\t\t<\/td><\/tr><tr><td>\n\t\t\t\t\n\t\t\t\t\t&nbsp;\n\t\t\t<\/td><td class=\"has-text-align-left\" data-align=\"left\">\n\t\t\t\t\n\t\t\t\t\t&nbsp;&#8211; priemern\u00e9, mierne nazna\u010den\u00fd krk\n\t\t\t<\/td><\/tr><tr><td>\n\t\t\t\t\n\t\t\t\t\t&nbsp;\n\t\t\t<\/td><td class=\"has-text-align-left\" data-align=\"left\">\n\t\t\t\t\n\t\t\t\t\tt &#8211; \u0161t\u00edhlej\u0161ie s v\u00fdrazne dlh\u0161\u00edm krkom\n\t\t\t<\/td><\/tr><tr><td>\n\t\t\t\t\n\t\t\t\t\t&nbsp;\n\t\t\t<\/td><td class=\"has-text-align-left\" data-align=\"left\">\n\t\t\t\t\n\t\t\t\t\t4 &#8211; u\u017e\u0161ia predn\u00e1 partia\n\t\t\t<\/td><\/tr><tr><td>\n\t\t\t\t\n\t\t\t\t\tHlava\n\t\t\t<\/td><td class=\"has-text-align-left\" data-align=\"left\">\n\t\t\t\t\n\t\t\t\t\tH &#8211; v\u00fdrazna, klenut\u00e1 so \u0161irok\u00fdm pyskom\n\t\t\t<\/td><\/tr><tr><td>\n\t\t\t\t\n\t\t\t\t\t&nbsp;\n\t\t\t<\/td><td class=\"has-text-align-left\" data-align=\"left\">\n\t\t\t\t\n\t\t\t\t\t&nbsp;&#8211; dobr\u00e1, priemern\u00e1 \u0161\u00edrka\n\t\t\t<\/td><\/tr><tr><td>\n\t\t\t\t\n\t\t\t\t\t&nbsp;\n\t\t\t<\/td><td class=\"has-text-align-left\" data-align=\"left\">\n\t\t\t\t\n\t\t\t\t\th &#8211; m\u00e1lo v\u00fdrazn\u00e1, u\u017e\u0161\u00ed pysk\n\t\t\t<\/td><\/tr><tr><td>\n\t\t\t\t\n\t\t\t\t\t&nbsp;\n\t\t\t<\/td><td class=\"has-text-align-left\" data-align=\"left\">\n\t\t\t\t\n\t\t\t\t\t5 &#8211; u\u017e\u0161ia, pretiahnut\u00e1\n\t\t\t<\/td><\/tr><tr><td>\n\t\t\t\t\n\t\t\t\t\t&nbsp;\n\t\t\t<\/td><td class=\"has-text-align-left\" data-align=\"left\">\n\t\t\t\t\n\t\t\t\t\tV\u00fdrazne \u00fazka a dlh\u00e1 hlava sa netypizuj\u00fa.\n\t\t\t<\/td><\/tr><tr><td>\n\t\t\t\t\n\t\t\t\t\tU\u0161nice\n\t\t\t<\/td><td class=\"has-text-align-left\" data-align=\"left\">\n\t\t\t\t\n\t\t\t\t\tU &#8211; siln\u00e9, pevn\u00e9, dobr\u00e9 tvarovan\u00e9, nedeformovane d\u00ed\u017eka 12 &#8211; 13 cm\n\t\t\t<\/td><\/tr><tr><td>\n\t\t\t\t\n\t\t\t\t\t&nbsp;\n\t\t\t<\/td><td class=\"has-text-align-left\" data-align=\"left\">\n\t\t\t\t\n\t\t\t\t\t&nbsp;&#8211; menej v\u00fdrazn\u00e9 v hornej hranici d\u013a\u017eky\n\t\t\t<\/td><\/tr><tr><td>\n\t\t\t\t\n\t\t\t\t\t&nbsp;\n\t\t\t<\/td><td class=\"has-text-align-left\" data-align=\"left\">\n\t\t\t\t\n\t\t\t\t\tu &#8211; ten\u0161ie\n\t\t\t<\/td><\/tr><tr><td>\n\t\t\t\t\n\t\t\t\t\t&nbsp;\n\t\t\t<\/td><td class=\"has-text-align-left\" data-align=\"left\">\n\t\t\t\t\n\t\t\t\t\t6 &#8211; u\u0161nice nad 13,5 cm a pod 12 cm\n\t\t\t<\/td><\/tr><tr><td>\n\t\t\t\t\n\t\t\t\t\t&nbsp;\n\t\t\t<\/td><td class=\"has-text-align-left\" data-align=\"left\">\n\t\t\t\t\n\t\t\t\t\t7 &#8211; m\u00e4k\u0161ie konce u\u0161n\u00edc, mierne \u017eehlen\u00e9\n\t\t\t<\/td><\/tr><tr><td>\n\t\t\t\t\n\t\t\t\t\t&nbsp;\n\t\t\t<\/td><td class=\"has-text-align-left\" data-align=\"left\">\n\t\t\t\t\n\t\t\t\t\te &#8211; mierne rozlo\u017een\u00e9\n\t\t\t<\/td><\/tr><tr><td>\n\t\t\t\t\n\t\t\t\t\tSrs\u0165\n\t\t\t<\/td><td class=\"has-text-align-left\" data-align=\"left\">\n\t\t\t\t\n\t\t\t\t\tS &#8211; hust\u00e1, primerane pru\u017en\u00e1 v d\u013a\u017eke max 3,5 cm\n\t\t\t<\/td><\/tr><tr><td>\n\t\t\t\t\n\t\t\t\t\t&nbsp;\n\t\t\t<\/td><td class=\"has-text-align-left\" data-align=\"left\">\n\t\t\t\t\n\t\t\t\t\t&nbsp;&#8211; menej pru\u017en\u00e1\n\t\t\t<\/td><\/tr><tr><td>\n\t\t\t\t\n\t\t\t\t\t&nbsp;\n\t\t\t<\/td><td class=\"has-text-align-left\" data-align=\"left\">\n\t\t\t\t\n\t\t\t\t\ts &#8211; red\u0161ia\n\t\t\t<\/td><\/tr><tr><td>\n\t\t\t\t\n\t\t\t\t\t&nbsp;\n\t\t\t<\/td><td class=\"has-text-align-left\" data-align=\"left\">\n\t\t\t\t\n\t\t\t\t\t8 &#8211; dlh\u0161ia max 4 cm\n\t\t\t<\/td><\/tr><tr><td>\n\t\t\t\t\n\t\t\t\t\t&nbsp;\n\t\t\t<\/td><td class=\"has-text-align-left\" data-align=\"left\">\n\t\t\t\t\n\t\t\t\t\t9 &#8211; m\u00e4k\u0161ia\n\t\t\t<\/td><\/tr><tr><td>\n\t\t\t\t\n\t\t\t\t\tFarba\n\t\t\t<\/td><td class=\"has-text-align-left\" data-align=\"left\">\n\t\t\t\t\n\t\t\t\t\t&nbsp;\n\t\t\t<\/td><\/tr><tr><td>\n\t\t\t\t\n\t\t\t\t\tOdtie\u0148 striebritosti\n\t\t\t<\/td><td class=\"has-text-align-left\" data-align=\"left\">\n\t\t\t\t\n\t\t\t\t\tO &#8211; svetl\u00e1, z\u00e1kladn\u00e1 striebritos\u0165\n\t\t\t<\/td><\/tr><tr><td>\n\t\t\t\t\n\t\t\t\t\t&nbsp;\n\t\t\t<\/td><td class=\"has-text-align-left\" data-align=\"left\">\n\t\t\t\t\n\t\t\t\t\t&nbsp;&#8211; menej v\u00fdrazn\u00fd odtie\u0148\n\t\t\t<\/td><\/tr><tr><td>\n\t\t\t\t\n\t\t\t\t\t&nbsp;\n\t\t\t<\/td><td class=\"has-text-align-left\" data-align=\"left\">\n\t\t\t\t\n\t\t\t\t\to &#8211; mierne tmav\u0161\u00ed odtie\u0148\n\t\t\t<\/td><\/tr><tr><td>\n\t\t\t\t\n\t\t\t\t\t&nbsp;\n\t\t\t<\/td><td class=\"has-text-align-left\" data-align=\"left\">\n\t\t\t\t\n\t\t\t\t\tj &nbsp;&#8211; svetlej\u0161\u00ed odtie\u0148\n\t\t\t<\/td><\/tr><tr><td>\n\t\t\t\t\n\t\t\t\t\t&nbsp;\n\t\t\t<\/td><td class=\"has-text-align-left\" data-align=\"left\">\n\t\t\t\t\n\t\t\t\t\tr &#8211;&nbsp; v\u00fdrazne tmav\u0161\u00ed odtie\u0148\n\t\t\t<\/td><\/tr><tr><td>\n\t\t\t\t\n\t\t\t\t\tRovnomernos\u0165 sfarbenia\n\t\t\t<\/td><td class=\"has-text-align-left\" data-align=\"left\">\n\t\t\t\t\n\t\t\t\t\tA &#8211; rovnomerne rozlo\u017een\u00e1 striebritos\u0165 po celom tele , hlave a u\u0161iach\n\t\t\t<\/td><\/tr><tr><td>\n\t\t\t\t\n\t\t\t\t\t&nbsp;\n\t\t\t<\/td><td class=\"has-text-align-left\" data-align=\"left\">\n\t\t\t\t\n\t\t\t\t\t&#8211; mierne nazna\u010den\u00fd mot\u00fdlik a u\u0161nice\n\t\t\t<\/td><\/tr><tr><td>\n\t\t\t\t\n\t\t\t\t\t&nbsp;\n\t\t\t<\/td><td class=\"has-text-align-left\" data-align=\"left\">\n\t\t\t\t\n\t\t\t\t\ta &#8211; v\u00fdrazne tmav\u0161\u00ed mot\u00fdlik, u\u0161nice a o\u010dn\u00e9 kr\u00fa\u017eky\n\t\t\t<\/td><\/tr><tr><td>\n\t\t\t\t\n\t\t\t\t\t&nbsp;\n\t\t\t<\/td><td class=\"has-text-align-left\" data-align=\"left\">\n\t\t\t\t\n\t\t\t\t\tl &#8211; ve\u013emi svetl\u00fd mot\u00fdlik s farbami pripom\u00ednaj\u00facimi bielu kriedu\n\t\t\t<\/td><\/tr><tr><td>\n\t\t\t\t\n\t\t\t\t\tPes\u00edkovanie\n\t\t\t<\/td><td class=\"has-text-align-left\" data-align=\"left\">\n\t\t\t\t\n\t\t\t\t\tV &#8211; rovnomerne rozlo\u017een\u00e9 pes\u00edky po celom tele, hlave a u\u0161iach\n\t\t\t<\/td><\/tr><tr><td>\n\t\t\t\t\n\t\t\t\t\t&nbsp;\n\t\t\t<\/td><td class=\"has-text-align-left\" data-align=\"left\">\n\t\t\t\t\n\t\t\t\t\t&nbsp;&#8211; red\u0161\u00ed menej v\u00fdrazn\u00fd pes\u00edk\n\t\t\t<\/td><\/tr><tr><td>\n\t\t\t\t\n\t\t\t\t\t&nbsp;\n\t\t\t<\/td><td class=\"has-text-align-left\" data-align=\"left\">\n\t\t\t\t\n\t\t\t\t\tv &#8211; m\u00e1lo v\u00fdrazn\u00fd takmer ch\u00fdbaj\u00faci pes\u00edk\n\t\t\t<\/td><\/tr><tr><td>\n\t\t\t\t\n\t\t\t\t\t&nbsp;\n\t\t\t<\/td><td class=\"has-text-align-left\" data-align=\"left\">\n\t\t\t\t\n\t\t\t\t\tf &#8211; v\u00fdrazn\u00e9 prepes\u00edkovanie\n\t\t\t<\/td><\/tr><tr><td>\n\t\t\t\t\n\t\t\t\t\t&nbsp;\n\t\t\t<\/td><td class=\"has-text-align-left\" data-align=\"left\"> Vyslovene nerovnomern\u00fd odtie\u0148, v\u00fdrazne tmav\u00fd alebo kriedovo biele  sfarbenie bez pes\u00edkovania netypizova\u0165  <\/td><\/tr><tr><td>\n\t\t\t\t\n\t\t\t\t\tPodsada na chrb\u00e1te\n\t\t\t<\/td><td class=\"has-text-align-left\" data-align=\"left\">\n\t\t\t\t\n\t\t\t\t\tP &#8211; bridlicovo tmavomodr\u00e1\n\t\t\t<\/td><\/tr><tr><td>\n\t\t\t\t\n\t\t\t\t\t&nbsp;\n\t\t\t<\/td><td class=\"has-text-align-left\" data-align=\"left\">\n\t\t\t\t\n\t\t\t\t\t&#8211; piemerne modr\u00e1\n\t\t\t<\/td><\/tr><tr><td>\n\t\t\t\t\n\t\t\t\t\t&nbsp;\n\t\t\t<\/td><td class=\"has-text-align-left\" data-align=\"left\">\n\t\t\t\t\n\t\t\t\t\tp &#8211; svetlej\u0161ia\n\t\t\t<\/td><\/tr><tr><td>\n\t\t\t\t\n\t\t\t\t\t&nbsp;\n\t\t\t<\/td><td class=\"has-text-align-left\" data-align=\"left\">\n\t\t\t\t\n\t\t\t\t\tm &#8211; svetlej\u0161ie miesta alebo vyskytuj\u00face sa biele ch\u013apky v podsade\n\t\t\t<\/td><\/tr><tr><td>\n\t\t\t\t\n\t\t\t\t\t&nbsp;\n\t\t\t<\/td><td class=\"has-text-align-left\" data-align=\"left\">\n\t\t\t\t\n\t\t\t\t\t2 &#8211; svetlej\u0161ie pr\u00fa\u017eky pri ko\u017ei\n\t\t\t<\/td><\/tr><tr><td>\n\t\t\t\t\n\t\t\t\t\tPodsada na ruchu\n\t\t\t<\/td><td class=\"has-text-align-left\" data-align=\"left\">\n\t\t\t\t\n\t\t\t\t\tZ &#8211; bridlicovo tmavomodr\u00e1 po celej spodnej \u010dasti\n\t\t\t<\/td><\/tr><tr><td>\n\t\t\t\t\n\t\t\t\t\t&nbsp;\n\t\t\t<\/td><td class=\"has-text-align-left\" data-align=\"left\">\n\t\t\t\t\n\t\t\t\t\t&nbsp;&#8211; priemerne modr\u00e1\n\t\t\t<\/td><\/tr><tr><td>\n\t\t\t\t\n\t\t\t\t\t&nbsp;\n\t\t\t<\/td><td class=\"has-text-align-left\" data-align=\"left\">\n\t\t\t\t\n\t\t\t\t\tz &#8211; svetlej\u0161ia\n\t\t\t<\/td><\/tr><tr><td>\n\t\t\t\t\n\t\t\t\t\t&nbsp;\n\t\t\t<\/td><td class=\"has-text-align-left\" data-align=\"left\">\n\t\t\t\t\n\t\t\t\t\t3 &#8211; svetl\u00e1 okolo pohlavia\n\t\t\t<\/td><\/tr><tr><td>\n\t\t\t\t\n\t\t\t\t\t&nbsp;\n\t\t\t<\/td><td class=\"has-text-align-left\" data-align=\"left\">\n\t\t\t\t\n\t\t\t\t\t4 &#8211; svetlej\u0161ia na zadn\u00fdch kon\u010datin\u00e1ch<\/td><\/tr><\/tbody><\/table><\/figure>\n","protected":false},"excerpt":{"rendered":"<p>Typiza\u010dn\u00e9 k\u00f3dy pri typiz\u00e1cii kr\u00e1likov Ve\u013ek\u00fdch svetl\u00fdch strieborn\u00fdch Chrbtov\u00e1 l\u00ednia C &#8211; ide\u00e1lna bez vyst\u00fapen\u00fdch panvov\u00fdch kost\u00ed, pekne zaokr\u00fahleny zadok&hellip;<\/p>\n","protected":false},"author":1,"featured_media":0,"parent":0,"menu_order":0,"comment_status":"closed","ping_status":"closed","template":"templates\/template-full-width.php","meta":{"ngg_post_thumbnail":0,"footnotes":""},"class_list":["post-133","page","type-page","status-publish","hentry"],"_links":{"self":[{"href":"http:\/\/www.klubvss.eu\/index.php?rest_route=\/wp\/v2\/pages\/133","targetHints":{"allow":["GET"]}}],"collection":[{"href":"http:\/\/www.klubvss.eu\/index.php?rest_route=\/wp\/v2\/pages"}],"about":[{"href":"http:\/\/www.klubvss.eu\/index.php?rest_route=\/wp\/v2\/types\/page"}],"author":[{"embeddable":true,"href":"http:\/\/www.klubvss.eu\/index.php?rest_route=\/wp\/v2\/users\/1"}],"replies":[{"embeddable":true,"href":"http:\/\/www.klubvss.eu\/index.php?rest_route=%2Fwp%2Fv2%2Fcomments&post=133"}],"version-history":[{"count":2,"href":"http:\/\/www.klubvss.eu\/index.php?rest_route=\/wp\/v2\/pages\/133\/revisions"}],"predecessor-version":[{"id":135,"href":"http:\/\/www.klubvss.eu\/index.php?rest_route=\/wp\/v2\/pages\/133\/revisions\/135"}],"wp:attachment":[{"href":"http:\/\/www.klubvss.eu\/index.php?rest_route=%2Fwp%2Fv2%2Fmedia&parent=133"}],"curies":[{"name":"wp","href":"https:\/\/api.w.org\/{rel}","templated":true}]}}